to base 14.
-4766
461 (base 14) to base 5
11434
Convert 12020002 (base 3) to base 4.
323201
What is -99 (base 14) in base 9?
-160
Convert -3255 (base 6) to base 13.
-461
Convert -fd9c (base 16) to base 13.
-23722
-101213 (base 6) to base 2
-1111110001001
Convert 1054 (base 6) to base 12.
18a
What is 2a (base 11) in base 3?
1012
Convert 130250 (base 7) to base 4.
11321033
What is -20640 (base 9) in base 14?
-4d88
Convert -6ac7 (base 16) to base 10.
-27335
What is 200123 (base 4) in base 12?
124b
Convert -32131 (base 4) to base 9.
-1237
1560 (base 11) to base 7
5560
What is 151552 (base 6) in base 15?
453e
-1100000011 (base 2) to base 7
-2151
Convert 180 (base 12) to base 9.
286
What is 252 (base 10) in base 4?
3330
Convert c639 (base 13) to base 11.
19673
Convert 42431 (base 5) to base 4.
230302
-212001 (base 3) to base 4
-21232
8526 (base 11) to base 6
124121
-3805 (base 16) to base 9
-21604
What is -2580 (base 10) in base 14?
-d24
461 (base 16) to base 15
4eb
Convert -11101111 (base 2) to base 15.
-10e
Convert cdc (base 14) to base 7.
10265
Convert 9450 (base 14) to base 12.
12952
What is 50a (base 14) in base 9?
1320
What is 222242 (base 5) in base 7?
31543
7468 (base 11) to base 4
2122103
Convert -57 (base 12) to base 3.
-2111
23ab (base 12) to base 13
1aa2
920c (base 13) to base 4
10322123
What is 100010011111110 (base 2) in base 6?
213434
What is 64a5 (base 12) in base 11?
8353
What is 217 (base 11) in base 16?
104
Convert 35072 (base 9) to base 13.
a856
Convert 19d7 (base 14) to base 16.
1259
-1b8c (base 15) to base 13
-2952
What is 1321 (base 4) in base 15?
81
Convert 179 (base 15) to base 5.
2324
Convert 22123 (base 5) to base 6.
11042
Convert 31615 (base 7) to base 13.
3760
What is 1cc5 (base 16) in base 8?
16305
-23b (base 16) to base 7
-1444
Convert -2020 (base 5) to base 4.
-10010
What is -279 (base 14) in base 9?
-614
What is -10100101110001 (base 2) in base 11?
-7a75
What is -73b (base 12) in base 15?
-4a5
What is -652 (base 15) in base 9?
-1855
20012 (base 4) to base 11
431
What is -5361 (base 7) in base 6?
-12453
What is 295 (base 16) in base 10?
661
Convert -78d (base 14) to base 10.
-1497
-1021101 (base 5) to base 16
-4282
75c (base 14) to base 9
1885
Convert 1966 (base 12) to base 16.
c1e
4230 (base 5) to base 7
1435
3b9 (base 13) to base 16
293
What is -3510 (base 6) in base 16?
-342
What is -103c8 (base 14) in base 11?
-27489
-21271 (base 8) to base 7
-34626
What is 1db (base 14) in base 16?
185
What is 1030 (base 5) in base 12?
b8
Convert 10077 (base 8) to base 11.
3141
Convert -20020 (base 3) to base 4.
-2220
Convert 10103022 (base 5) to base 12.
3b2b1
Convert -4e92 (base 15) to base 13.
-7844
Convert 2640 (base 8) to base 2.
10110100000
c895 (base 13) to base 12
1413a
What is 2291 (base 12) in base 4?
330031
Convert 422420 (base 7) to base 4.
101303132
3967 (base 13) to base 9
12217
-41245 (base 7) to base 15
-2ebd
-11216 (base 7) to base 10
-2855
214230 (base 5) to base 7
30456
2286 (base 11) to base 3
11010001
Convert -a1 (base 13) to base 9.
-155
What is -11311 (base 5) in base 10?
-831
Convert -400100 (base 5) to base 4.
-3003231
What is -1fa5 (base 16) in base 3?
-102010001
Convert 21213220 (base 4) to base 6.
502224
What is -2671 (base 9) in base 5?
-31013
What is 200 (base 6) in base 15?
4c
What is 3a2 (base 12) in base 11?
464
What is -2fd1 (base 16) in base 4?
-2333101
Convert -12021 (base 3) to base 13.
-ac
What is -432d (base 15) in base 8?
-33612
142300 (base 7) to base 13
c529
-353 (base 6) to base 12
-b9
What is 1222233 (base 4) in base 16?
1aaf
-3a03 (base 16) to base 4
-3220003
Convert -2c990 (base 13) to base 10.
-85124
Convert -3807 (base 12) to base 15.
-1d2d
Convert 4940 (base 14) to base 4.
3013330
-101010011011101 (base 2) to base 8
-52335
b88 (base 12) to base 5
23223
-1d2a5 (base 15) to base 14
-26933
349 (base 13) to base 6
2344
13203 (base 7) to base 12
2063
What is 20143 (base 8) in base 12?
496b
10002122 (base 3) to base 2
100011010010
What is 2856 (base 15) in base 8?
20667
Convert 556 (base 10) to base 4.
20230
What is 3324 (base 7) in base 11?
996
What is 50250 (base 6) in base 11?
4a44
Convert -167 (base 11) to base 12.
-142
Convert 22441 (base 7) to base 10.
5713
Convert -51524 (base 9) to base 2.
-1000010010101001
2022112 (base 3) to base 11
12a5
What is 5433 (base 6) in base 11?
a32
38740 (base 9) to base 5
1313433
What is -7c0 (base 14) in base 8?
-3004
101122011 (base 3) to base 5
222003
What is -20110 (base 4) in base 7?
-1360
Convert -2122201 (base 3) to base 2.
-11110010000
Convert -1459 (base 15) to base 6.
-32103
What is 323 (base 13) in base 16?
218
-13725 (base 8) to base 7
-23534
135423 (base 6) to base 4
3021213
121220110 (base 3) to base 4
3000210
What is b4a (base 13) in base 9?
2564
What is -1219 (base 10) in base 9?
-1604
-1152 (base 7) to base 2
-110101101
What is 10b6 (base 15) in base 11?
2734
Convert -1856 (base 9) to base 14.
-740
What is 1034 (base 6) in base 15?
10d
Convert -743 (base 12) to base 10.
-1059
Convert 220122 (base 3) to base 11.
555
28047 (base 9) to base 16
4a35
What is b1 (base 14) in base 5?
1110
What is -13734 (base 12) in base 8?
-64530
What is -110212220 (base 3) in base 12?
-5529
23242 (base 7) to base 14
2259
Convert -221102 (base 3) to base 5.
-10221
Convert -14274 (base 9) to base 5.
-302311
What is -15b5 (base 16) in base 14?
-204d
Convert 204 (base 7) to base 14.
74
11 (base 9) to base 16
a
Convert -452 (base 10) to base 5.
-3302
Convert -32122 (base 4) to base 3.
-1021011
Convert -10112 (base 4) to base 15.
-138
Convert 3143 (base 10) to base 7.
12110
What is -5544 (base 6) in base 15?
-5ad
Convert 51545 (base 6) to base 2.
1101011111001
What is 110211 (base 4) in base 13?
7a4
6c7c (base 13) to base 10
15313
Convert -1bb (base 13) to base 12.
-22b
What is 35 (base 6) in base 10?
23
What is -530 (base 15) in base 16?
-492
-a760 (base 13) to base 7
-124505
212 (base 7) to base 8
153
Convert 111011000 (base 2) to base 5.
3342
312 (base 13) to base 8
1012
What is -4000 (base 6) in base 10?
-864
Convert 200010020 (base 3) to base 8.
31631
What is -1010000010011 (base 2) in base 11?
-3952
Convert -8d9 (base 16) to base 15.
-a10
Convert 130021 (base 4) to base 3.
2110201
Convert -9119 (base 12) to base 9.
-23503
Convert 134043 (base 5) to base 15.
1983
What is 279b (base 15) in base 10?
8471
What is 2028 (base 12) in base 15?
1078
-4515 (base 10) to base 7
-16110
Convert 600 (base 14) to base 13.
6c6
What is 11203 (base 6) in base 11?
1213
Convert 1100011 (base 3) to base 14.
4da
1405 (base 6) to base 11
302
Convert 1535 (base 15) to base 3.
20020112
What is -3a47 (base 11) in base 10?
-5254
-216bb (base 14) to base 10
-80917
18b2a (base 13) to base 9
72788
Convert -4755 (base 8) to base 11.
-1a00
-2000101021 (base 3) to base 14
-10639
544 (base 11) to base 12
465
-11122 (base 3) to base 5
-1000
What is -2035 (base 6) in base 5?
-3310
Convert 29605 (base 10) to base 6.
345021
Convert -210 (base 14) to base 13.
-253
What is 11130 (base 4) in base 15?
183
What is -3a19 (base 15) in base 10?
-12399
Convert -10220 (base 4) to base 7.
-602
Convert -2342 (base 5) to base 2.
-101011011
Convert 1ae3 (base 16) to base 7.
26032
-221 (base 4) to base 12
-35
Convert 303222 (base 4) to base 8.
6352
-d3 (base 15) to base 11
-170
What is 3056b (base 12) in base 5?
4004021
What is 2102032 (base 4) in base 10?
9358
1912 (base 13) to base 15
118d
What is -434 (base 5) in base 12?
-9b
What is 917 (base 10) in base 13?
557
Convert -21001 (base 5) to base 3.
-1212222
What is -13501 (base 6) in base 8?
-4115
-2603 (base 7) to base 11
-814
3205 (base 8) to base 16
685
Convert 3023322 (base 5) to base 2.
1011110111001011
-2134 (base 6) to base 7
-1300
Convert 4748 (base 11) to base 12.
3727
2145 (base 11) to base 13
139b
Convert -20220 (base 5) to base 8.
-2436
What is -7923 (base 11) in base 4?
-2202333
Convert -10 (base 16) to base 12.
-14
Convert 1313 (base 4) to base 12.
9b
Convert 1881 (base 11) to base 16.
954
Convert 12044 (base 6) to base 16.
6dc
Convert 8180 (base 9) to base 5.
142420
Convert 110022010 (base 3) to base 11.
6812
-40156 (base 9) to base 6
-322040
What is -637 (base 13) in base 4?
-100210
Convert -2301302 (base 4) to base 15.
-3588
111214 (b